ulate the greatest common factor of 7 and h.
7
Let u = -246 + 461. Suppose -14963 = -8*a - 14275. Calculate the greatest common factor of a and u.
43
Suppose -5*a + s + 102577 = 0, 4 + 11 = 5*s. Calculate the highest common divisor of a and 46.
46
Let v(z) = z + 2. Let l be v(0). Let t(y) = 2*y**2 + 9 - l + 13*y + 3 - 2*y. Let k be t(-6). What is the greatest common divisor of 4 and k?
4
Let q be -13 + (-111)/(-9) + (-843)/(-9). Suppose 0 = u + t - 152, 0 = 4*u - u - 2*t - 471. Calculate the greatest common divisor of u and q.
31
Let p(x) = -x**2 + 18*x - 37. Let a be p(11). Suppose 9*z - 3*z = 150. What is the greatest common factor of a and z?
5
Let p be (-4)/(-50)*15/(-18) + 72496/240. What is the highest common divisor of 10 and p?
2
Let j(r) = r**2 - 29*r + 82 - 70 + 36*r. Let w = 5 - 12. Let m be j(w). Calculate the highest common factor of 48 and m.
12
Let i = -5004 + 7434. What is the highest common divisor of i and 15?
15
Let n(g) = -506*g + 121. Let r be n(-16). Calculate the highest common divisor of 99 and r.
99
Let p be (56/(-12))/((-4)/6). Suppose -30 + 128 = p*i. Calculate the greatest common factor of 182 and i.
14
Let p(f) = 2*f. Let t(h) = 50*h + 5. Let o(a) = -30*p(a) - t(a). Let z be o(-1). Calculate the greatest common divisor of z and 30.
15
Let g be -2*(-20)/8 - 7. Let k be g/(-4) - (-11594)/44. Suppose 14 + 10 = i. What is the greatest common divisor of i and k?
24
Suppose -5*n + 200 = -5*w, -42*n - 120 = -45*n + 5*w. Let j be (-1)/(-5) + (-5592)/(-40). What is the greatest common factor of j and n?
20
Suppose -2*w - 41 = -241. Suppose -z = -w + 12. What is the highest common factor of z and 16?
8
Let t be 1/(-5) + ((-42159)/(-15))/13. Suppose 0 = 4*y - 2*p - 210, -37 = -3*y - 3*p + 134. Calculate the highest common divisor of y and t.
54
Let c(i) = i**3 - 2*i - 2. Let f be c(2). Suppose v = 1, -2*o - f*v = -3*v - 51. Calculate the greatest common divisor of o and 325.
13
Let d be (5/10 - 48/(-4)) + 16/(-32). Calculate the greatest common factor of 54 and d.
6
Let n(r) = r - 1. Let q be n(-6). Let t = 155 - q. Suppose 3*w = s - 141, -222*s + 220*s + 4*w = -260. Calculate the highest common factor of t and s.
54
Let j be 17*275/935 + -1 + 4741. Calculate the greatest common factor of 156 and j.
13
Let i be (-4)/(-34) - 2960/17. Let x = i - -252. Suppose 3*t + x = 2*o + 23, -o + 60 = 5*t. What is the greatest common factor of 7 and o?
7
Let j be 80/30*207/(-4). Let h = -126 - j. What is the greatest common factor of 108 and h?
12
Let m = 7471 - 6765. What is the greatest common divisor of m and 2?
2
Suppose 64*n - 567 - 744 + 415 = 0. Calculate the greatest common factor of 198 and n.
2
Let y = -12 + 15. Let x be 68 + -1 - (y + -2). Suppose -25*r + 34*r = 1485. Calculate the greatest common divisor of r and x.
33
Suppose 0 = -3*y - 3*s + 147, -42*y - 46 = -43*y - 4*s. Let x = 20 + 20. Calculate the highest common factor of y and x.
10
Let m = -650 - -653. Suppose 105 = 5*w - 5*k, 0 = -m*w + 5*k - 0*k + 63. Suppose 3 = -y + 4*z - 10, 5 = z. What is the greatest common divisor of w and y?
7
Suppose 3*i + 23*d = 26*d + 180, 5*i - 246 = -4*d. What is the greatest common factor of 3294 and i?
54
Let p(o) = 53*o**2 - 49*o - 141. Let x be p(-3). Calculate the greatest common divisor of x and 2093.
161
Let x(d) = d - 3. Let i = -15 + 21. Let q be x(i). Let a be 110/q - 17/(-51). What is the highest common divisor of 111 and a?
37
Suppose -1818*l + 204736 = -1790*l. What is the greatest common factor of 24 and l?
8
Let n be 14 - (-1124 - 65/(-5)). What is the greatest common factor of n and 2925?
225
Let v be 22 + (-3 - (-5 - -3)). Suppose 30*g - 113*g + 266 = -45*g. Calculate the greatest common factor of g and v.
7
Let d be 1/((-6)/(-4)*4/6). Let p be ((-6)/4)/(1/(-102)). Suppose -n - d = -p. Calculate the highest common divisor of 38 and n.
38
Suppose 0 = 2*b - 4*j - 88, 24*j + 146 = 4*b + 21*j. What is the highest common factor of 36 and b?
4
Suppose 2*x = 4, 3*h - 5*x = 53 - 21. Suppose -4*r = -7*r - 5*l + 1554, 0 = -4*r - 2*l + 2072. Calculate the greatest common factor of r and h.
14
Let o = -29945 + 30309. Calculate the highest common divisor of 40 and o.
4
Let i(y) = -2*y**3 + 47*y**2 - 16*y - 8. Let n be i(12). Calculate the greatest common divisor of 8 and n.
8
Let j = 6649 + -6619. Let v(q) = q**2 + 2. Let u be v(4). What is the highest common factor of j and u?
6
Suppose 0 = 47*h - 42*h - 25. Let n be 1/h - 279/(-5). Suppose 0 = -4*d + 4*z + 48, 3*d + z = -z + n. Calculate the greatest common divisor of 2 and d.
2
Suppose -5*n + 281 + 119 = 0. Let l(x) = -x - 5. Let j be l(-2). Let o be j*(n/(-12) - -2). Calculate the greatest common divisor of o and 42.
14
Suppose 5*r - 850 - 3215 = 0. Let s = 1422 - r. What is the greatest common divisor of 21 and s?
21
Let o be (46 - 47)*(-262)/2. Let j = 69 + o. What is the highest common factor of 40 and j?
40
Let s = 19 - -25. Let i = -43 + s. Let h be (-23 - i)/((-6)/20). Calculate the highest common divisor of 16 and h.
16
Let m(v) = -v**2 - 68*v - 181. Let y be m(-37). Calculate the greatest common divisor of y and 805.
161
Suppose -6*k - 6471 + 6501 = 0. Calculate the greatest common factor of 350 and k.
5
Suppose 4*w + 27 - 3 = 0. Let v be -3*(-6)/27*w - -257. What is the highest common divisor of v and 11?
11
Suppose -202*i - 168 = -205*i. What is the greatest common divisor of 72 and i?
8
Let i = 148 - 92. Let j be (21/4)/((-18)/(-288)). Calculate the greatest common factor of i and j.
28
Suppose 0 = -13*a + 30*a - 51. Suppose a*y - 580 = -4*f, -y = 7*f - 4*f - 190. Calculate the highest common factor of 245 and y.
49
Suppose -23028 = -130*y + 1152. What is the highest common factor of 10540 and y?
62
Suppose 80 = -5*s + 405. Let b = s + -17. Let y = 15 - 3. Calculate the greatest common divisor of b and y.
12
Suppose -220 = -0*h - 4*h. Let w be 61/(-12) - (-33)/396. Let k be (-1)/(-2 + w/(h/(-21))). What is the highest common factor of k and 11?
11
Let k(z) = 92*z**3 - 5*z**2 + z + 3. Let r be k(1). What is the highest common divisor of 897 and r?
13
Let f = 6 + 0. Let i(x) = -x**3 - 13*x**2 + 2*x + 27. Let s be i(-13). Let l be 78/f*(s + 0). Calculate the greatest common factor of l and 52.
13
Let p(q) = -5*q + 150. Let i be p(-16). Suppose 24*s = 30*s - 276. Calculate the highest common factor of s and i.
46
Let h(i) = 3*i**2 + 9*i + 10. Let n be h(-5). Suppose -4*y + 2*l + 790 = 0, 14 = -2*y + 3*l + 399. What is the greatest common divisor of n and y?
40
Suppose 0 = -9*l + 1764 - 342. Suppose -12*o - l = -734. Suppose -5*p = -2*p - 108. What is the highest common divisor of p and o?
12
Suppose 0 = -5*p + 20, 3*b + 2*p = 5*p - 6. Suppose -5*t = -3*i + 28 - 1388, b*i + 540 = 2*t. Calculate the greatest common factor of 25 and t.
25
Suppose w - 4*x - 7 = -0*w, 5 = 5*w - 5*x. Let r be (48/10)/(38/95). Let c be r + -5 + 1/1*w. Calculate the highest common divisor of c and 12.
6
Suppose -4*h + 4 = 0, -8*h = -4*n - 7*h - 33. Let k be 22 + n/36 + (-2)/(-9). Suppose -2*b + 182 - k = 0. Calculate the highest common divisor of 16 and b.
16
Let q(b) = 2*b**2 - 23*b - 12. Let u be q(12). Suppose 3*x + 7*x - 850 = u. Calculate the highest common factor of 17 and x.
17
Suppose 201*o + 2688 = 222*o. Calculate the greatest common factor of 240 and o.
16
Let v = -710 + 690. Let d(y) = -3*y**2 - 62*y - 7. Let b be d(v). Let g be (22/6)/(1/36). Calculate the greatest common divisor of g and b.
33
Suppose 1780*d - 1774*d - 114 = 0. Suppose 0 = 45*t + d*t - 4224. What is the highest common factor of 110 and t?
22
Let f = -843 - -227. Let p = -553 - f. What is the highest common divisor of 84 and p?
21
Suppose -v = 2*w - 160, 0 = v - 3 - 1. Let m = w + -75. Suppose 0 = 5*t + 3*u - 0 - 57, -5*t + 37 = -2*u. Calculate the greatest common factor of t and m.
3
Let y be (-78)/(-8) + (-3)/(-12). Let g(l) = 9*l**2 - 246*l - 498. Let o be g(-2). What is the greatest common factor of o and y?
10
Suppose 2*v + 9 = 3*v. Let a be v/(-5)*(10/(-3))/1. Let f be ((-27)/a)/(15/(-100)). Calculate the greatest common factor of 270 and f.
30
Let n = -25601 + 25650. Calculate the greatest common factor of 511 and n.
7
Suppose 0 = -4*f - h + 1107, -2*h = 759*f - 764*f + 1374. What is the highest common fact